{"id":13150,"date":"2024-08-22T16:53:14","date_gmt":"2024-08-22T14:53:14","guid":{"rendered":"https:\/\/italeapiemonte.com\/eventi\/postua-y-su-historia-como-eramos-de-ninos-los-ninos-del-900-de-postua\/"},"modified":"2025-10-14T12:45:55","modified_gmt":"2025-10-14T10:45:55","slug":"postua-y-su-historia-como-eramos-de-ninos-los-ninos-del-900-de-postua","status":"publish","type":"eventi","link":"https:\/\/italea.com\/es\/eventi\/postua-y-su-historia-como-eramos-de-ninos-los-ninos-del-900-de-postua\/","title":{"rendered":"Postua y su historia: \u00abC\u00f3mo \u00e9ramos de ni\u00f1os&#8230; Los ni\u00f1os del &#8216;900 de Postua\u00bb"},"content":{"rendered":"","protected":false},"author":68,"featured_media":13257,"template":"","regione":[3667,3759],"tipo-di-eventi":[7790,3786],"class_list":["post-13150","eventi","type-eventi","status-publish","has-post-thumbnail","hentry","regione-piemonte","regione-piemonte-es","tipo-di-eventi-exposiciones","tipo-di-eventi-mostre"],"acf":[],"_links":{"self":[{"href":"https:\/\/italea.com\/es\/wp-json\/wp\/v2\/eventi\/13150","targetHints":{"allow":["GET"]}}],"collection":[{"href":"https:\/\/italea.com\/es\/wp-json\/wp\/v2\/eventi"}],"about":[{"href":"https:\/\/italea.com\/es\/wp-json\/wp\/v2\/types\/eventi"}],"author":[{"embeddable":true,"href":"https:\/\/italea.com\/es\/wp-json\/wp\/v2\/users\/68"}],"wp:featuredmedia":[{"embeddable":true,"href":"https:\/\/italea.com\/es\/wp-json\/wp\/v2\/media\/13257"}],"wp:attachment":[{"href":"https:\/\/italea.com\/es\/wp-json\/wp\/v2\/media?parent=13150"}],"wp:term":[{"taxonomy":"regione","embeddable":true,"href":"https:\/\/italea.com\/es\/wp-json\/wp\/v2\/regione?post=13150"},{"taxonomy":"tipo-di-eventi","embeddable":true,"href":"https:\/\/italea.com\/es\/wp-json\/wp\/v2\/tipo-di-eventi?post=13150"}],"curies":[{"name":"wp","href":"https:\/\/api.w.org\/{rel}","templated":true}]}}

Postua y su historia: «Cómo éramos de niños&#8230; Los niños del &#8216;900 de Postua»
