{"id":11890,"date":"2025-02-05T18:46:29","date_gmt":"2025-02-05T17:46:29","guid":{"rendered":"https:\/\/italeamarche.com\/eventi\/o-carnaval-de-fano-uma-antiga-tradicao-de-marche-entre-historia-alegria-e-docura\/"},"modified":"2025-10-14T12:29:57","modified_gmt":"2025-10-14T10:29:57","slug":"carnaval-de-fano","status":"publish","type":"eventi","link":"https:\/\/italea.com\/pt-pt\/eventi\/carnaval-de-fano\/","title":{"rendered":"O Carnaval de Fano: uma antiga tradi\u00e7\u00e3o de Marche entre hist\u00f3ria, alegria e do\u00e7ura"},"content":{"rendered":"","protected":false},"author":81,"featured_media":11970,"template":"","regione":[3665,3743],"tipo-di-eventi":[3877],"class_list":["post-11890","eventi","type-eventi","status-publish","has-post-thumbnail","hentry","regione-marche","regione-marche-pt-pt","tipo-di-eventi-aniversarios-pt-pt"],"acf":[],"_links":{"self":[{"href":"https:\/\/italea.com\/pt-pt\/wp-json\/wp\/v2\/eventi\/11890","targetHints":{"allow":["GET"]}}],"collection":[{"href":"https:\/\/italea.com\/pt-pt\/wp-json\/wp\/v2\/eventi"}],"about":[{"href":"https:\/\/italea.com\/pt-pt\/wp-json\/wp\/v2\/types\/eventi"}],"author":[{"embeddable":true,"href":"https:\/\/italea.com\/pt-pt\/wp-json\/wp\/v2\/users\/81"}],"wp:featuredmedia":[{"embeddable":true,"href":"https:\/\/italea.com\/pt-pt\/wp-json\/wp\/v2\/media\/11970"}],"wp:attachment":[{"href":"https:\/\/italea.com\/pt-pt\/wp-json\/wp\/v2\/media?parent=11890"}],"wp:term":[{"taxonomy":"regione","embeddable":true,"href":"https:\/\/italea.com\/pt-pt\/wp-json\/wp\/v2\/regione?post=11890"},{"taxonomy":"tipo-di-eventi","embeddable":true,"href":"https:\/\/italea.com\/pt-pt\/wp-json\/wp\/v2\/tipo-di-eventi?post=11890"}],"curies":[{"name":"wp","href":"https:\/\/api.w.org\/{rel}","templated":true}]}}

O Carnaval de Fano: uma antiga tradição de Marche entre história, alegria e doçura
