{"id":12384,"date":"2024-09-02T08:35:22","date_gmt":"2024-09-02T06:35:22","guid":{"rendered":"https:\/\/italeamolise.com\/eventi\/festa-do-pao-de-gildone-lacos-e-tradicoes-de-gildone-no-mundo\/"},"modified":"2025-10-14T12:37:19","modified_gmt":"2025-10-14T10:37:19","slug":"festa-do-pao-de-gildone-lacos-e-tradicoes-de-gildone-no-mundo","status":"publish","type":"eventi","link":"https:\/\/italea.com\/pt-pt\/eventi\/festa-do-pao-de-gildone-lacos-e-tradicoes-de-gildone-no-mundo\/","title":{"rendered":"Festa do P\u00e3o de Gildone, la\u00e7os e tradi\u00e7\u00f5es de Gildone no mundo"},"content":{"rendered":"","protected":false},"author":66,"featured_media":12513,"template":"","regione":[3744,3666],"tipo-di-eventi":[3874],"class_list":["post-12384","eventi","type-eventi","status-publish","has-post-thumbnail","hentry","regione-molise-pt-pt","regione-molise","tipo-di-eventi-celebracoes-patronais"],"acf":[],"_links":{"self":[{"href":"https:\/\/italea.com\/pt-pt\/wp-json\/wp\/v2\/eventi\/12384","targetHints":{"allow":["GET"]}}],"collection":[{"href":"https:\/\/italea.com\/pt-pt\/wp-json\/wp\/v2\/eventi"}],"about":[{"href":"https:\/\/italea.com\/pt-pt\/wp-json\/wp\/v2\/types\/eventi"}],"author":[{"embeddable":true,"href":"https:\/\/italea.com\/pt-pt\/wp-json\/wp\/v2\/users\/66"}],"wp:featuredmedia":[{"embeddable":true,"href":"https:\/\/italea.com\/pt-pt\/wp-json\/wp\/v2\/media\/12513"}],"wp:attachment":[{"href":"https:\/\/italea.com\/pt-pt\/wp-json\/wp\/v2\/media?parent=12384"}],"wp:term":[{"taxonomy":"regione","embeddable":true,"href":"https:\/\/italea.com\/pt-pt\/wp-json\/wp\/v2\/regione?post=12384"},{"taxonomy":"tipo-di-eventi","embeddable":true,"href":"https:\/\/italea.com\/pt-pt\/wp-json\/wp\/v2\/tipo-di-eventi?post=12384"}],"curies":[{"name":"wp","href":"https:\/\/api.w.org\/{rel}","templated":true}]}}

Festa do Pão de Gildone, laços e tradições de Gildone no mundo
