{"id":13188,"date":"2024-10-07T14:28:50","date_gmt":"2024-10-07T12:28:50","guid":{"rendered":"https:\/\/italeapiemonte.com\/eventi\/la-cricca-dij-mes-cia-as-cancoes-populares-da-tradicao-piemontesa-e-nao-so\/"},"modified":"2025-10-14T12:45:25","modified_gmt":"2025-10-14T10:45:25","slug":"la-cricca-dij-mes-cia-as-cancoes-populares-da-tradicao-piemontesa-e-nao-so","status":"publish","type":"eventi","link":"https:\/\/italea.com\/pt-pt\/eventi\/la-cricca-dij-mes-cia-as-cancoes-populares-da-tradicao-piemontesa-e-nao-so\/","title":{"rendered":"La Cricca dij Mes-ci\u00e0 &#8211; As can\u00e7\u00f5es populares da tradi\u00e7\u00e3o piemontesa (e n\u00e3o s\u00f3)"},"content":{"rendered":"","protected":false},"author":68,"featured_media":13265,"template":"","regione":[3667,3745],"tipo-di-eventi":[3856],"class_list":["post-13188","eventi","type-eventi","status-publish","has-post-thumbnail","hentry","regione-piemonte","regione-piemonte-pt-pt","tipo-di-eventi-teatro-pt-pt"],"acf":[],"_links":{"self":[{"href":"https:\/\/italea.com\/pt-pt\/wp-json\/wp\/v2\/eventi\/13188","targetHints":{"allow":["GET"]}}],"collection":[{"href":"https:\/\/italea.com\/pt-pt\/wp-json\/wp\/v2\/eventi"}],"about":[{"href":"https:\/\/italea.com\/pt-pt\/wp-json\/wp\/v2\/types\/eventi"}],"author":[{"embeddable":true,"href":"https:\/\/italea.com\/pt-pt\/wp-json\/wp\/v2\/users\/68"}],"wp:featuredmedia":[{"embeddable":true,"href":"https:\/\/italea.com\/pt-pt\/wp-json\/wp\/v2\/media\/13265"}],"wp:attachment":[{"href":"https:\/\/italea.com\/pt-pt\/wp-json\/wp\/v2\/media?parent=13188"}],"wp:term":[{"taxonomy":"regione","embeddable":true,"href":"https:\/\/italea.com\/pt-pt\/wp-json\/wp\/v2\/regione?post=13188"},{"taxonomy":"tipo-di-eventi","embeddable":true,"href":"https:\/\/italea.com\/pt-pt\/wp-json\/wp\/v2\/tipo-di-eventi?post=13188"}],"curies":[{"name":"wp","href":"https:\/\/api.w.org\/{rel}","templated":true}]}}

La Cricca dij Mes-cià &#8211; As canções populares da tradição piemontesa (e não só)
