{"id":14794,"date":"2024-07-23T19:39:49","date_gmt":"2024-07-23T17:39:49","guid":{"rendered":"https:\/\/italeasicilia.com\/eventi\/entre-arte-e-tradicao-a-antiga-danca-de-san-vito-martire\/"},"modified":"2025-10-14T13:00:03","modified_gmt":"2025-10-14T11:00:03","slug":"entre-arte-e-tradicao-a-antiga-danca-de-san-vito-martire","status":"publish","type":"eventi","link":"https:\/\/italea.com\/pt-pt\/eventi\/entre-arte-e-tradicao-a-antiga-danca-de-san-vito-martire\/","title":{"rendered":"Entre arte e tradi\u00e7\u00e3o: a antiga dan\u00e7a de San Vito Martire"},"content":{"rendered":"","protected":false},"author":76,"featured_media":17387,"template":"","regione":[3670,3748],"tipo-di-eventi":[3874],"class_list":["post-14794","eventi","type-eventi","status-publish","has-post-thumbnail","hentry","regione-sicilia","regione-sicilia-pt-pt","tipo-di-eventi-celebracoes-patronais"],"acf":[],"_links":{"self":[{"href":"https:\/\/italea.com\/pt-pt\/wp-json\/wp\/v2\/eventi\/14794","targetHints":{"allow":["GET"]}}],"collection":[{"href":"https:\/\/italea.com\/pt-pt\/wp-json\/wp\/v2\/eventi"}],"about":[{"href":"https:\/\/italea.com\/pt-pt\/wp-json\/wp\/v2\/types\/eventi"}],"author":[{"embeddable":true,"href":"https:\/\/italea.com\/pt-pt\/wp-json\/wp\/v2\/users\/76"}],"wp:featuredmedia":[{"embeddable":true,"href":"https:\/\/italea.com\/pt-pt\/wp-json\/wp\/v2\/media\/17387"}],"wp:attachment":[{"href":"https:\/\/italea.com\/pt-pt\/wp-json\/wp\/v2\/media?parent=14794"}],"wp:term":[{"taxonomy":"regione","embeddable":true,"href":"https:\/\/italea.com\/pt-pt\/wp-json\/wp\/v2\/regione?post=14794"},{"taxonomy":"tipo-di-eventi","embeddable":true,"href":"https:\/\/italea.com\/pt-pt\/wp-json\/wp\/v2\/tipo-di-eventi?post=14794"}],"curies":[{"name":"wp","href":"https:\/\/api.w.org\/{rel}","templated":true}]}}

Entre arte e tradição: a antiga dança de San Vito Martire
