{"id":4056,"date":"2024-02-22T14:54:52","date_gmt":"2024-02-22T13:54:52","guid":{"rendered":"https:\/\/italeaemiliaromagna.com\/eventi\/2o-dia-regional-da-emigracao-emilia-romanha-bardi\/"},"modified":"2025-10-14T12:18:17","modified_gmt":"2025-10-14T10:18:17","slug":"2o-dia-regional-da-emigracao-emilia-romanha-bardi","status":"publish","type":"eventi","link":"https:\/\/italea.com\/pt-pt\/eventi\/2o-dia-regional-da-emigracao-emilia-romanha-bardi\/","title":{"rendered":"2\u00ba Dia Regional da Emigra\u00e7\u00e3o Em\u00edlia-Romanha &#8211; Bardi"},"content":{"rendered":"","protected":false},"author":74,"featured_media":9097,"template":"","regione":[3660,3689],"tipo-di-eventi":[3868],"class_list":["post-4056","eventi","type-eventi","status-publish","has-post-thumbnail","hentry","regione-emilia-romagna","regione-emilia-romagna-pt-pt","tipo-di-eventi-dias-mundiais"],"acf":[],"_links":{"self":[{"href":"https:\/\/italea.com\/pt-pt\/wp-json\/wp\/v2\/eventi\/4056","targetHints":{"allow":["GET"]}}],"collection":[{"href":"https:\/\/italea.com\/pt-pt\/wp-json\/wp\/v2\/eventi"}],"about":[{"href":"https:\/\/italea.com\/pt-pt\/wp-json\/wp\/v2\/types\/eventi"}],"author":[{"embeddable":true,"href":"https:\/\/italea.com\/pt-pt\/wp-json\/wp\/v2\/users\/74"}],"wp:featuredmedia":[{"embeddable":true,"href":"https:\/\/italea.com\/pt-pt\/wp-json\/wp\/v2\/media\/9097"}],"wp:attachment":[{"href":"https:\/\/italea.com\/pt-pt\/wp-json\/wp\/v2\/media?parent=4056"}],"wp:term":[{"taxonomy":"regione","embeddable":true,"href":"https:\/\/italea.com\/pt-pt\/wp-json\/wp\/v2\/regione?post=4056"},{"taxonomy":"tipo-di-eventi","embeddable":true,"href":"https:\/\/italea.com\/pt-pt\/wp-json\/wp\/v2\/tipo-di-eventi?post=4056"}],"curies":[{"name":"wp","href":"https:\/\/api.w.org\/{rel}","templated":true}]}}

2º Dia Regional da Emigração Emília-Romanha &#8211; Bardi
