{"id":5790,"date":"2024-08-22T16:53:14","date_gmt":"2024-08-22T14:53:14","guid":{"rendered":"https:\/\/italeapiemonte.com\/eventi\/postua-e-sua-historia-como-eramos-quando-criancas-as-criancas-dos-900-de-postua\/"},"modified":"2025-10-14T12:45:55","modified_gmt":"2025-10-14T10:45:55","slug":"postua-e-sua-historia-como-eramos-quando-criancas-as-criancas-dos-900-de-postua","status":"publish","type":"eventi","link":"https:\/\/italea.com\/pt-pt\/eventi\/postua-e-sua-historia-como-eramos-quando-criancas-as-criancas-dos-900-de-postua\/","title":{"rendered":"Postua e sua hist\u00f3ria: &#8220;Como \u00e9ramos quando crian\u00e7as&#8230; As crian\u00e7as dos 900 de Postua&#8221;"},"content":{"rendered":"","protected":false},"author":68,"featured_media":13257,"template":"","regione":[3667,3745],"tipo-di-eventi":[3853],"class_list":["post-5790","eventi","type-eventi","status-publish","has-post-thumbnail","hentry","regione-piemonte","regione-piemonte-pt-pt","tipo-di-eventi-exposicoes"],"acf":[],"_links":{"self":[{"href":"https:\/\/italea.com\/pt-pt\/wp-json\/wp\/v2\/eventi\/5790","targetHints":{"allow":["GET"]}}],"collection":[{"href":"https:\/\/italea.com\/pt-pt\/wp-json\/wp\/v2\/eventi"}],"about":[{"href":"https:\/\/italea.com\/pt-pt\/wp-json\/wp\/v2\/types\/eventi"}],"author":[{"embeddable":true,"href":"https:\/\/italea.com\/pt-pt\/wp-json\/wp\/v2\/users\/68"}],"wp:featuredmedia":[{"embeddable":true,"href":"https:\/\/italea.com\/pt-pt\/wp-json\/wp\/v2\/media\/13257"}],"wp:attachment":[{"href":"https:\/\/italea.com\/pt-pt\/wp-json\/wp\/v2\/media?parent=5790"}],"wp:term":[{"taxonomy":"regione","embeddable":true,"href":"https:\/\/italea.com\/pt-pt\/wp-json\/wp\/v2\/regione?post=5790"},{"taxonomy":"tipo-di-eventi","embeddable":true,"href":"https:\/\/italea.com\/pt-pt\/wp-json\/wp\/v2\/tipo-di-eventi?post=5790"}],"curies":[{"name":"wp","href":"https:\/\/api.w.org\/{rel}","templated":true}]}}

Postua e sua história: &#8220;Como éramos quando crianças&#8230; As crianças dos 900 de Postua&#8221;
