{"id":18024,"date":"2024-02-22T14:09:27","date_gmt":"2024-02-22T13:09:27","guid":{"rendered":"https:\/\/italeaemiliaromagna.com\/itinerari\/apeninos-de-parma-ida-e-volta-a-lugares-com-historias-importantes-de-emigracao\/"},"modified":"2025-10-14T12:14:04","modified_gmt":"2025-10-14T10:14:04","slug":"apeninos-de-parma-ida-e-volta-a-lugares-com-historias-importantes-de-emigracao","status":"publish","type":"itinerari","link":"https:\/\/italea.com\/pt-pt\/itinerari\/apeninos-de-parma-ida-e-volta-a-lugares-com-historias-importantes-de-emigracao\/","title":{"rendered":"Apeninos de Parma: ida e volta a lugares com hist\u00f3rias importantes de emigra\u00e7\u00e3o."},"content":{"rendered":"","protected":false},"author":74,"featured_media":9128,"template":"","regione":[3689,3660],"class_list":["post-18024","itinerari","type-itinerari","status-publish","has-post-thumbnail","hentry","regione-emilia-romagna-pt-pt","regione-emilia-romagna"],"acf":[],"_links":{"self":[{"href":"https:\/\/italea.com\/pt-pt\/wp-json\/wp\/v2\/itinerari\/18024","targetHints":{"allow":["GET"]}}],"collection":[{"href":"https:\/\/italea.com\/pt-pt\/wp-json\/wp\/v2\/itinerari"}],"about":[{"href":"https:\/\/italea.com\/pt-pt\/wp-json\/wp\/v2\/types\/itinerari"}],"author":[{"embeddable":true,"href":"https:\/\/italea.com\/pt-pt\/wp-json\/wp\/v2\/users\/74"}],"wp:featuredmedia":[{"embeddable":true,"href":"https:\/\/italea.com\/pt-pt\/wp-json\/wp\/v2\/media\/9128"}],"wp:attachment":[{"href":"https:\/\/italea.com\/pt-pt\/wp-json\/wp\/v2\/media?parent=18024"}],"wp:term":[{"taxonomy":"regione","embeddable":true,"href":"https:\/\/italea.com\/pt-pt\/wp-json\/wp\/v2\/regione?post=18024"}],"curies":[{"name":"wp","href":"https:\/\/api.w.org\/{rel}","templated":true}]}}

Apeninos de Parma: ida e volta a lugares com histórias importantes de emigração.
